1462268?
False
Does 9 divide 953787?
False
Does 195 divide 107445?
True
Does 5 divide 13735?
True
Is 290 a factor of 16086590?
True
Is 895 a factor of 753523?
False
Is 747471 a multiple of 632?
False
Is 507301 a multiple of 33?
False
Is 13 a factor of 217053?
False
Is 1203665 a multiple of 367?
False
Does 123 divide 2206753?
False
Does 363 divide 2033526?
True
Is 7898508 a multiple of 170?
False
Is 154301 a multiple of 13?
False
Is 379310 a multiple of 83?
True
Does 12 divide 88307?
False
Is 1325 a multiple of 23?
False
Does 22 divide 2843192?
True
Is 141960 a multiple of 40?
True
Is 38316 a multiple of 35?
False
Does 19 divide 319181?
True
Is 95 a factor of 4402300?
True
Does 45 divide 77624?
False
Is 3631656 a multiple of 14?
True
Is 6472752 a multiple of 528?
True
Is 17 a factor of 614329?
True
Is 342 a factor of 77989?
False
Is 432 a factor of 18517?
False
Is 250 a factor of 651500?
True
Is 308216 a multiple of 4?
True
Is 9 a factor of 98777?
False
Is 1799585 a multiple of 361?
True
Is 1687641 a multiple of 431?
False
Is 7 a factor of 2183104?
True
Is 253 a factor of 70993?
False
Is 216 a factor of 199220?
False
Does 6 divide 16645?
False
Is 675 a factor of 299025?
True
Is 29104557 a multiple of 50?
False
Is 6 a factor of 109141?
False
Does 18 divide 733824?
True
Is 230032 a multiple of 17?
False
Is 16 a factor of 24063506?
False
Does 52 divide 136030?
False
Does 29 divide 8760730?
False
Does 629 divide 5411916?
True
Does 8 divide 528155?
False
Is 137834 a multiple of 128?
False
Is 2971600 a multiple of 76?
True
Is 122 a factor of 419070?
True
Is 82 a factor of 959895?
False
Is 70053 a multiple of 6?
False
Is 28 a factor of 1006314?
False
Is 249 a factor of 376086?
False
Is 25092 a multiple of 21?
False
Is 258999 a multiple of 687?
True
Does 265 divide 11087335?
True
Does 9 divide 671623?
False
Does 12 divide 18053429?
False
Does 49 divide 710540?
False
Does 547 divide 8200287?
False
Is 315 a factor of 197065?
False
Does 39 divide 17581?
False
Is 280832 a multiple of 21?
False
Is 479 a factor of 40236?
True
Is 49 a factor of 1182657?
False
Is 54 a factor of 1896681?
False
Is 134760 a multiple of 40?
True
Is 789 a factor of 3198606?
True
Does 53 divide 107947?
False
Is 75 a factor of 50025?
True
Does 5 divide 16930?
True
Is 994 a factor of 507486?
False
Is 50736 a multiple of 24?
True
Does 7 divide 28819?
True
Is 6 a factor of 104147?
False
Is 27 a factor of 3742524?
True
Does 20 divide 24714?
False
Is 544050 a multiple of 702?
True
Is 198322 a multiple of 38?
True
Is 1016044 a multiple of 116?
True
Is 3621394 a multiple of 14?
True
Is 13 a factor of 1343422?
False
Is 188220 a multiple of 30?
True
Does 135 divide 1620?
True
Is 3954860 a multiple of 364?
True
Is 19798 a multiple of 13?
False
Is 171083 a multiple of 151?
True
Is 403527 a multiple of 211?
False
Is 84149 a multiple of 8?
False
Is 153191 a multiple of 528?
False
Is 62095 a multiple of 55?
True
Is 15514286 a multiple of 766?
False
Is 2 a factor of 255915?
False
Is 34 a factor of 696966?
True
Is 148265 a multiple of 35?
False
Is 1491336 a multiple of 269?
True
Does 39 divide 1181346?
False
Is 608967 a multiple of 37?
False
Is 4 a factor of 252?
True
Is 6 a factor of 1949736?
True
Is 10 a factor of 86470?
True
Is 115 a factor of 487945?
True
Does 8 divide 618478?
False
Is 252849 a multiple of 8?
False
Is 3 a factor of 48910?
False
Does 15 divide 5848545?
True
Does 11 divide 791581?
False
Is 590925 a multiple of 31?
False
Does 127 divide 104902?
True
Is 583200 a multiple of 864?
True
Does 563 divide 6500310?
False
Is 17319058 a multiple of 113?
True
Is 13 a factor of 106313?
False
Is 413 a factor of 16121603?
False
Is 499079 a multiple of 33?
False
Is 523388 a multiple of 92?
True
Is 334968 a multiple of 19?
False
Is 15 a factor of 14882977?
False
Is 781421 a multiple of 107?
True
Is 199595 a multiple of 136?
False
Is 958 a factor of 21285802?
True
Does 605 divide 1328434?
False
Is 58374 a multiple of 17?
False
Is 205300 a multiple of 13?
False
Does 165 divide 1654191?
False
Does 28 divide 114459?
False
Is 602 a factor of 1160054?
True
Is 2612534 a multiple of 346?
False
Is 460 a factor of 3415040?
True
Does 11 divide 35173380?
True
Does 11 divide 616001?
False
Is 956384 a multiple of 19?
True
Does 157 divide 2978629?
False
Does 10 divide 306340?
True
Does 23 divide 787289?
False
Is 391344 a multiple of 8?
True
Is 97 a factor of 571136?
True
Is 6327314 a multiple of 1007?
False
Does 727 divide 20289841?
False
Is 186 a factor of 420044?
False
Is 940250 a multiple of 250?
True
Is 777329 a multiple of 293?
True
Is 12993 a multiple of 4?
False
Is 51 a factor of 5357397?
True
Does 140 divide 298340?
True
Is 18 a factor of 41430?
False
Does 35 divide 1918041?
False
Is 15 a factor of 768379?
False
Is 3 a factor of 65211?
True
Is 108 a factor of 3209586?
False
Is 802737 a multiple of 26?
False
Is 442191 a multiple of 319?
False
Does 628 divide 155744?
True
Is 2910902 a multiple of 95?
False
Does 10 divide 64290?
True
Is 1175 a factor of 6228675?
True
Is 17740826 a multiple of 117?
False
Is 8 a factor of 3868?
False
Is 144 a factor of 930212?
False
Does 3 divide 319639?
False
Does 127 divide 114904?
False
Is 30 a factor of 1976405?
False
Does 32 divide 146528?
True
Does 43 divide 307278?
True
Is 294216 a multiple of 138?
True
Does 56 divide 11984?
True
Does 82 divide 399668?
True
Is 53800 a multiple of 70?
False
Does 165 divide 6804600?
True
Is 14 a factor of 194073?
False
Does 352 divide 1863183?
False
Is 72 a factor of 173016?
True
Is 233 a factor of 522901?
False
Is 4090359 a multiple of 57?
False
Is 462821 a multiple of 11?
False
Is 863475 a multiple of 24?
False
Is 6384659 a multiple of 184?
False
Does 140 divide 166040?
True
Is 102286 a multiple of 199?
True
Is 91 a factor of 139958?
True
Is 12 a factor of 24684?
True
Is 125552 a multiple of 266?
True
Does 151 divide 453?
True
Is 626219 a multiple of 23?
False
Is 33 a factor of 32835?
True
Does 17 divide 85?
True
Is 241780 a multiple of 110?
True
Is 349284 a multiple of 3?
True
Is 67 a factor of 261486?
False
Is 85925 a multiple of 21?
False
Is 97 a factor of 3747110?
True
Is 608 a factor of 232002?
False
Is 66 a factor of 137265?
False
Is 2088918 a multiple of 234?
True
Does 81 divide 80676?
True
Is 28 a factor of 530374?
False
Is 621384 a multiple of 68?
True
Is 55 a factor of 181936?
False
Is 139080 a multiple of 366?
True
Is 264000 a multiple of 160?
True
Is 37 a factor of 2997?
True
Is 758880 a multiple of 612?
True
Is 12 a factor of 909829?
False
Is 81 a factor of 2106564?
False
Is 1357617 a multiple of 156?
False
Is 33 a factor of 367290?
True
Is 214 a factor of 222774?
True
Is 70 a factor of 3911?
False
Is 7198254 a multiple of 417?
True
Is 70 a factor of 3574410?
True
Does 4 divide 3498?
False
Does 4 divide 19037?
False
Is 260944 a multiple of 324?
False
Is 4494732 a multiple of 315?
False
Is 4 a factor of 51970?
False
Is 908600 a multiple of 14?
True
Is 87 a factor of 155069?
False
Is 26079 a multiple of 158?
False
Is 16 a factor of 176918?
False
Does 146 divide 196178?
False
Is 39 a factor of 203697?
True
Is 711 a factor of 419478?
False
Is 11 a factor of 197901?
True
Is 255347 a multiple of 519?
False
Is 61 a factor of 60146?
True
Is 539649 a multiple of 3?
True
Is 78196 a multiple of 346?
True
Does 11 divide 273028?
False
Is 23 a factor of 644390?
False
Is 35 a factor of 137955?
False
Does 28 divide 14615776?
True
Is 34186 a multiple of 77?
False
Does 249 divide 14977?
False
Is 2669 a multiple of 23?
False
Does 7 divide 1712858?
True
Is 3 a factor of 749877?
True
Does 10 divide 165649?
False
Is 10 a factor of 80340?
True
Is 367425 a multiple of 207?
True
Is 40386 a multiple of 8?
False
Does 12 divide 178824?
True
Is 95 a factor of 7220?
True
Does 145 divide 39967510?
True
Is 8337846 a multiple of 654?
True
Is 3044911 a multiple of 17?
False
Is 62673 a multiple of 6?
False
Does 11 divide 16929?
True
Is 3 a factor of 225888?
True
Does 26 divide 266344?
True
Does 72 divide 5496?
False
Is 617562 a multiple of 66?
True
Is 564 a factor of 1099800?
True
Is 584 a factor of 2689320?
True
Is 94 a multiple of 22?
False
Does 51 divide 169838?
False
Is 24 a factor of 5708489?
False
Is 15224070 a multiple of 29?
False
Does 4 divide